{"id":931,"date":"2024-06-20T09:02:09","date_gmt":"2024-06-20T09:02:09","guid":{"rendered":"https:\/\/www.in2greece.com\/swedish\/?page_id=931"},"modified":"2024-06-20T09:32:28","modified_gmt":"2024-06-20T09:32:28","slug":"grekisk-musik","status":"publish","type":"page","link":"https:\/\/www.in2greece.com\/swedish\/music\/music.htm","title":{"rendered":"Grekisk Musik"},"content":{"rendered":"\n<h2 class=\"wp-block-heading\">Grekisk Musikhistoria<\/h2>\n\n\n<p><img decoding=\"async\" class=\"alignleft size-medium wp-image-932\" src=\"https:\/\/www.in2greece.com\/swedish\/wp-content\/uploads\/2024\/06\/grekisk-musik-284x300.jpg\" alt=\"grekisk-musik\" width=\"284\" height=\"300\" srcset=\"https:\/\/www.in2greece.com\/swedish\/wp-content\/uploads\/2024\/06\/grekisk-musik-284x300.jpg 284w, https:\/\/www.in2greece.com\/swedish\/wp-content\/uploads\/2024\/06\/grekisk-musik.jpg 500w\" sizes=\"(max-width: 284px) 100vw, 284px\" \/>Grekland har en l\u00e5ng tradition inom musik som str\u00e4cker sig tillbaka till antiken. M\u00e5nga gudar och gudinnor i antikens Grekland var f\u00f6rknippade med musik och dans, och ordet musik kommer fr\u00e5n de nio muserna i antikens Grekland, som var en k\u00e4lla till inspiration f\u00f6r alla konstn\u00e4rer. \u00c4ven idag refererar m\u00e5nga konstn\u00e4rer till &#8221;inspirationsmusan&#8221;.<\/p>\n<p>M\u00e5nga ord fr\u00e5n grekiskan som \u00e4r relaterade till musik \u00e4r internationella, s\u00e5som: harmoni, melodi, k\u00f6r, orkester, kromatik, scen, lyra, hymn, psalm, rytm. Grekisk musik har m\u00e5nga kategorier och typer av s\u00e5nger, fr\u00e5n antikens grekiska musik, bysantinsk musik och kyrkohymner, kleptika som var popul\u00e4ra under den turkiska ockupationen, folkvisor, rebetika, dimotika och slutligen, under de senaste \u00e5rtiondena, gerillas\u00e5nger, ny v\u00e5g, konstpoesis\u00e5nger, l\u00e4tt musik och slutligen rock och pop. Under sin l\u00e5nga resa genom \u00e5rhundradena, adopterade grekisk musik element fr\u00e5n romarna, Bysans och senare fr\u00e5n ren\u00e4ssansen.<\/p>\n<p>Ursprunget till grekisk musik kan sp\u00e5ras tillbaka till antiken, d\u00e4r den spelade en avg\u00f6rande roll i ceremonier, ritualer och vardagslivet. Antikens grekiska musik, \u00e4ven om den inte \u00e4r fullt f\u00f6rst\u00e5dd, \u00e4r k\u00e4nd f\u00f6r att ha varit integrerad i teaterf\u00f6rest\u00e4llningar, religi\u00f6sa ceremonier och offentliga festivaler. Instrument som lyra, aulos och kithara var framtr\u00e4dande. De teoretiska ramarna utvecklade av antikens grekiska filosofer och musikteoretiker, som Pythagoras och Aristoxenos, lade grunden f\u00f6r v\u00e4sterl\u00e4ndsk musikteori.<\/p>\n<p>Den bysantinska eran introducerade en rik tradition av liturgisk musik, med den bysantinska s\u00e5ngen som blev ett djupt uttryck f\u00f6r religi\u00f6s h\u00e4ngivenhet. Denna period s\u00e5g utvecklingen av ett unikt notationssystem och en omfattande repertoar av hymner och s\u00e5nger, som har p\u00e5verkat den \u00f6stortodoxa kristna musiken till denna dag.<\/p>\n<p>Den osmanska ockupationen f\u00f6rde nya musikaliska influenser till Grekland, inklusive introduktionen av det modala systemet Makam, vilket starkt p\u00e5verkade utvecklingen av grekisk traditionell och folkig musik. Under denna period uppstod Rebetiko, ofta kallad &#8221;den grekiska bluesen&#8221;, en genre som uppstod i de urbana subkulturerna i grekiska hamnar och st\u00e4der i b\u00f6rjan av 1900-talet. Rebetikos teman om k\u00e4rlek, f\u00f6rlust, fattigdom och arbetarklassens kamper, kombinerat med dess distinkta musikstil, gjorde den till en kraftfull och best\u00e5ende symbol f\u00f6r grekisk kulturell identitet.<\/p>\n<p>Grekisk traditionell musik varierar betydligt \u00f6ver landet, vilket speglar de varierande landskapen, historiken och kulturerna i dess regioner. Varje omr\u00e5de har sina egna distinkta stilar, instrument och danser. P\u00e5 \u00f6arna kan man hitta de livliga tonerna av Nisiotika, k\u00e4nnetecknat av den starka n\u00e4rvaron av violin och luta. P\u00e5 fastlandet erbjuds de djupt k\u00e4nslom\u00e4ssiga Epirotika, med klarinetten som leder melodier som uttrycker sj\u00e4len av Epirus robusta terr\u00e4ng.<\/p>\n<h3>Moderna r\u00f6relser och influenser<\/h3>\n<p>1900-talet bevittnade globaliseringen av grekisk musik, med komposit\u00f6rer som Mikis Theodorakis och Manos Hatzidakis som integrerade grekiska musikelement med klassiska och popul\u00e4ra musikformer. Deras arbete, s\u00e4rskilt inom filmmusik, f\u00f6rde grekisk musik till internationella publiker och understr\u00f6k grekiska musiktraditioners m\u00e5ngsidighet och anpassningsf\u00f6rm\u00e5ga.<\/p>\n<p>Samtida grekisk musik omfattar ett brett spektrum av genrer, fr\u00e5n pop och rock till elektronisk musik och hip-hop. Artister inkorporerar ofta element av traditionell grekisk musik och skapar en livlig fusion som talar b\u00e5de till det f\u00f6rflutna och nuet. Den grekiska musikscenen \u00e4r dynamisk, med festivaler, konserter och klubbar \u00f6ver hela landet som visar upp kreativiteten och m\u00e5ngfalden hos grekiska musiker.<\/p>\n<h3>Kulturell betydelse och kontinuitet<\/h3>\n<p>Musik \u00e4r djupt v\u00e4vd in i den grekiska livets tyg, och fungerar som ett medel f\u00f6r att uttrycka identitet, k\u00e4nslor och sociala f\u00f6rbindelser. Traditionell musik och dans \u00e4r inte bara historiska artefakter; de \u00e4r levande traditioner som forts\u00e4tter att spela en vital roll i gemenskapslivet, firanden och ritualer. Grekisk musik fungerar ocks\u00e5 som en bro mellan generationer, d\u00e4r yngre musiker och publik omfamnar och omtolkar traditionella stilar och former.<\/p>\n<p>I den globala diasporan fungerar grekisk musik som en l\u00e4nk till arv och hemland, och fr\u00e4mjar en k\u00e4nsla av tillh\u00f6righet och kulturell kontinuitet bland grekiska samh\u00e4llen utomlands. Genom b\u00e5de traditionella och moderna uttryck, f\u00f6rkroppsligar grekisk musik den grekiska andens motst\u00e5ndskraft, m\u00e5ngfald och kreativitet.<\/p>\n<p>Grekisk folkmusik delas in i tv\u00e5 grupper, fastlandsgrekisk folkmusik (Dimotika) och \u00f6musik (Nisiotika). Skillnaderna mellan de tv\u00e5 grupperna best\u00e5r huvudsakligen av f\u00f6ljande punkter: I rytmen, \u00f6danser \u00e4r vanligtvis tv\u00e5taktiga, medan i fastlandsgrekland \u00e4r femtaktiga och sjutaktiga danser mycket vanliga. Skalor: P\u00e5 fastlandet anv\u00e4nds skalor utan avvikelser i sina noter, i kontrast till \u00f6arna. Rim och improvisationer \u00e4r vanliga p\u00e5 \u00f6arna, medan de p\u00e5 fastlandet \u00e4r mycket s\u00e4llsynta.<\/p>\n<p>Instrumentkombinationer: P\u00e5 fastlandet var den karakt\u00e4ristiska instrumentkombinationen initialt &#8221;skalan&#8221; av dauli och zournas (senare klarinett), medan p\u00e5 \u00f6arna tubi och lyra (senare luta och violin). Under de senaste \u00e5ren har dessa etablerade kombinationer mjuknat.<\/p>\n<p>En tredje kategori som kan urskiljas \u00e4r den orientaliska musiken fr\u00e5n inre delen av Mindre Asien, som \u00e4r relaterad till Mellan\u00f6sterns musik, men inte verkar ha mycket gemensamt med musiken fr\u00e5n det huvudsakliga Grekland.<\/p>\n<p>P\u00e5 1800-talet utvecklades grekisk musik med komposit\u00f6rer som Nikolaos Mantzaros (komposit\u00f6r av Greklands nationals\u00e5ng) och Spyridon Samaras (komposit\u00f6r av OS-hymnen), b\u00e5da komposit\u00f6rerna var fr\u00e5n de joniska \u00f6arna.<\/p>\n<p>Fram till 1930-talet var serenaderna som blomstrade p\u00e5 de joniska \u00f6arna, tillsammans med operetter som &#8221;O Vaftistikos&#8221; av komposit\u00f6ren Theofrastos Sakelaridis och s\u00e5ngerna av Cleon Triantaphyllos, k\u00e4nd som Attik, de mest popul\u00e4ra f\u00f6r den urbana befolkningen i Aten. Attik var ocks\u00e5 skaparen av den ber\u00f6mda truppen &#8221;Mantra av Attik&#8221;, en av de f\u00f6rsta repertoartrupperna i Grekland.<\/p>\n<p>P\u00e5 tidigt 50-tal var den grekiska musiken, eller \u00e5tminstone vad man kunde h\u00f6ra fr\u00e5n massmedia som radio och filmer, Laika-s\u00e5nger (bouzouki-baserad musik) med ljud som grekerna tog med sig fr\u00e5n Mindre Asien p\u00e5 1920-talet och grekisk och utl\u00e4ndsk l\u00e4tt musik, med huvudsakligen europeiska ljud och influenser.<\/p>\n<p>Under tidigt 50-tal var den grekiska musiken, eller \u00e5tminstone vad man kunde h\u00f6ra i massmedia som radio och filmer, Laika (musik baserad p\u00e5 bouzouki) med ljud som grekerna fr\u00e5n Mindre Asien tog med sig tillbaka p\u00e5 1920-talet. Den grekiska l\u00e4tta musiken (elafra mousiki) med inslag av v\u00e4steuropeiska ljud, mest representerade av s\u00e5nger fr\u00e5n Manos Hadjidakis och Mimis Plessas, framf\u00f6rda av k\u00e4nda artister som Nana Moushouri, Tzeni Vanou, Giannis Vogiatzis och andra, var ocks\u00e5 mycket popul\u00e4r.<\/p>\n<p>Under denna tid blev musiken av k\u00e4nda duos och trios som Katsamba Brothers och Trio Athena modern. Deras speciella ljud var en imitation av spansk och mexikansk musik som de omvandlade till grekisk. F\u00f6rutom detta fanns det en annan typ av musik, Dimotica eller grekisk folkmusik som tyv\u00e4rr v\u00e4ckte negativa minnen f\u00f6r m\u00e5nga \u00e4ldre greker eftersom Dimotica fr\u00e4mjades som grekisk nationalistisk musik under de sju \u00e5ren av diktatur. F\u00f6rhoppningsvis har dessa d\u00e5liga konnotationer b\u00f6rjat blekna med \u00e5ren.<\/p>\n<h3><a href=\"https:\/\/www.in2greece.com\/swedish\/music\/folksanger.html\">Folks\u00e5nger<\/a><\/h3>\n<p>Laika (folkets musik eller popmusik) utvecklades fr\u00e5n <a href=\"https:\/\/www.in2greece.com\/swedish\/music\/rebetika.htm\"><strong>Rebetika<\/strong> <\/a>som var popul\u00e4r bland arbetarklassen under 1940- och 1950-1970<\/p>","protected":false},"excerpt":{"rendered":"<p>Grekisk Musikhistoria Grekland har en l\u00e5ng tradition inom musik som str\u00e4cker sig tillbaka till antiken. M\u00e5nga gudar och gudinnor i antikens Grekland var f\u00f6rknippade med musik och dans, och ordet musik kommer fr\u00e5n de nio muserna i antikens Grekland, som var en k\u00e4lla till inspiration f\u00f6r alla konstn\u00e4rer. \u00c4ven idag refererar m\u00e5nga konstn\u00e4rer till &#8221;inspirationsmusan&#8221;.<br \/><a class=\"moretag\" href=\"https:\/\/www.in2greece.com\/swedish\/music\/music.htm\">+ L\u00e4s Mer<\/a><\/p>\n","protected":false},"author":1,"featured_media":932,"parent":0,"menu_order":0,"comment_status":"closed","ping_status":"closed","template":"","meta":{"footnotes":""},"class_list":["post-931","page","type-page","status-publish","has-post-thumbnail","hentry"],"yoast_head":"<!-- This site is optimized with the Yoast SEO plugin v27.4 - https:\/\/yoast.com\/product\/yoast-seo-wordpress\/ -->\n<title>Grekisk Musik: Fr\u00e5n Antiken till Modern Tid<\/title>\n<meta name=\"robots\" content=\"index, follow, max-snippet:-1, max-image-preview:large, max-video-preview:-1\" \/>\n<link rel=\"canonical\" href=\"https:\/\/www.in2greece.com\/swedish\/music\/music.htm\" \/>\n<meta property=\"og:locale\" content=\"sv_SE\" \/>\n<meta property=\"og:type\" content=\"article\" \/>\n<meta property=\"og:title\" content=\"Grekisk Musik: Fr\u00e5n Antiken till Modern Tid\" \/>\n<meta property=\"og:description\" content=\"Grekisk Musikhistoria Grekland har en l\u00e5ng tradition inom musik som str\u00e4cker sig tillbaka till antiken. M\u00e5nga gudar och gudinnor i antikens Grekland var f\u00f6rknippade med musik och dans, och ordet musik kommer fr\u00e5n de nio muserna i antikens Grekland, som var en k\u00e4lla till inspiration f\u00f6r alla konstn\u00e4rer. \u00c4ven idag refererar m\u00e5nga konstn\u00e4rer till &#8221;inspirationsmusan&#8221;.+ L\u00e4s Mer\" \/>\n<meta property=\"og:url\" content=\"https:\/\/www.in2greece.com\/swedish\/music\/music.htm\" \/>\n<meta property=\"og:site_name\" content=\"Grekland\" \/>\n<meta property=\"article:publisher\" content=\"https:\/\/www.facebook.com\/in2greece\" \/>\n<meta property=\"article:modified_time\" content=\"2024-06-20T09:32:28+00:00\" \/>\n<meta property=\"og:image\" content=\"https:\/\/www.in2greece.com\/swedish\/wp-content\/uploads\/2024\/06\/grekisk-musik.jpg\" \/>\n\t<meta property=\"og:image:width\" content=\"500\" \/>\n\t<meta property=\"og:image:height\" content=\"529\" \/>\n\t<meta property=\"og:image:type\" content=\"image\/jpeg\" \/>\n<meta name=\"twitter:card\" content=\"summary_large_image\" \/>\n<meta name=\"twitter:label1\" content=\"Ber\u00e4knad l\u00e4stid\" \/>\n\t<meta name=\"twitter:data1\" content=\"6 minuter\" \/>\n<script type=\"application\/ld+json\" class=\"yoast-schema-graph\">{\"@context\":\"https:\\\/\\\/schema.org\",\"@graph\":[{\"@type\":\"WebPage\",\"@id\":\"https:\\\/\\\/www.in2greece.com\\\/swedish\\\/music\\\/music.htm\",\"url\":\"https:\\\/\\\/www.in2greece.com\\\/swedish\\\/music\\\/music.htm\",\"name\":\"Grekisk Musik: Fr\u00e5n Antiken till Modern Tid\",\"isPartOf\":{\"@id\":\"https:\\\/\\\/www.in2greece.com\\\/swedish\\\/#website\"},\"primaryImageOfPage\":{\"@id\":\"https:\\\/\\\/www.in2greece.com\\\/swedish\\\/music\\\/music.htm#primaryimage\"},\"image\":{\"@id\":\"https:\\\/\\\/www.in2greece.com\\\/swedish\\\/music\\\/music.htm#primaryimage\"},\"thumbnailUrl\":\"https:\\\/\\\/www.in2greece.com\\\/swedish\\\/wp-content\\\/uploads\\\/2024\\\/06\\\/grekisk-musik.jpg\",\"datePublished\":\"2024-06-20T09:02:09+00:00\",\"dateModified\":\"2024-06-20T09:32:28+00:00\",\"breadcrumb\":{\"@id\":\"https:\\\/\\\/www.in2greece.com\\\/swedish\\\/music\\\/music.htm#breadcrumb\"},\"inLanguage\":\"sv-SE\",\"potentialAction\":[{\"@type\":\"ReadAction\",\"target\":[\"https:\\\/\\\/www.in2greece.com\\\/swedish\\\/music\\\/music.htm\"]}]},{\"@type\":\"ImageObject\",\"inLanguage\":\"sv-SE\",\"@id\":\"https:\\\/\\\/www.in2greece.com\\\/swedish\\\/music\\\/music.htm#primaryimage\",\"url\":\"https:\\\/\\\/www.in2greece.com\\\/swedish\\\/wp-content\\\/uploads\\\/2024\\\/06\\\/grekisk-musik.jpg\",\"contentUrl\":\"https:\\\/\\\/www.in2greece.com\\\/swedish\\\/wp-content\\\/uploads\\\/2024\\\/06\\\/grekisk-musik.jpg\",\"width\":500,\"height\":529,\"caption\":\"grekisk-musik\"},{\"@type\":\"BreadcrumbList\",\"@id\":\"https:\\\/\\\/www.in2greece.com\\\/swedish\\\/music\\\/music.htm#breadcrumb\",\"itemListElement\":[{\"@type\":\"ListItem\",\"position\":1,\"name\":\"Home\",\"item\":\"https:\\\/\\\/www.in2greece.com\\\/swedish\\\/\"},{\"@type\":\"ListItem\",\"position\":2,\"name\":\"Grekisk Musik\"}]},{\"@type\":\"WebSite\",\"@id\":\"https:\\\/\\\/www.in2greece.com\\\/swedish\\\/#website\",\"url\":\"https:\\\/\\\/www.in2greece.com\\\/swedish\\\/\",\"name\":\"Grekland\",\"description\":\"Reseguide till Grekland\",\"publisher\":{\"@id\":\"https:\\\/\\\/www.in2greece.com\\\/swedish\\\/#organization\"},\"potentialAction\":[{\"@type\":\"SearchAction\",\"target\":{\"@type\":\"EntryPoint\",\"urlTemplate\":\"https:\\\/\\\/www.in2greece.com\\\/swedish\\\/?s={search_term_string}\"},\"query-input\":{\"@type\":\"PropertyValueSpecification\",\"valueRequired\":true,\"valueName\":\"search_term_string\"}}],\"inLanguage\":\"sv-SE\"},{\"@type\":\"Organization\",\"@id\":\"https:\\\/\\\/www.in2greece.com\\\/swedish\\\/#organization\",\"name\":\"www.in2greece.com\",\"url\":\"https:\\\/\\\/www.in2greece.com\\\/swedish\\\/\",\"logo\":{\"@type\":\"ImageObject\",\"inLanguage\":\"sv-SE\",\"@id\":\"https:\\\/\\\/www.in2greece.com\\\/swedish\\\/#\\\/schema\\\/logo\\\/image\\\/\",\"url\":\"https:\\\/\\\/www.in2greece.com\\\/swedish\\\/wp-content\\\/uploads\\\/2022\\\/02\\\/in2greece.png\",\"contentUrl\":\"https:\\\/\\\/www.in2greece.com\\\/swedish\\\/wp-content\\\/uploads\\\/2022\\\/02\\\/in2greece.png\",\"width\":150,\"height\":149,\"caption\":\"www.in2greece.com\"},\"image\":{\"@id\":\"https:\\\/\\\/www.in2greece.com\\\/swedish\\\/#\\\/schema\\\/logo\\\/image\\\/\"},\"sameAs\":[\"https:\\\/\\\/www.facebook.com\\\/in2greece\"]}]}<\/script>\n<!-- \/ Yoast SEO plugin. -->","yoast_head_json":{"title":"Grekisk Musik: Fr\u00e5n Antiken till Modern Tid","robots":{"index":"index","follow":"follow","max-snippet":"max-snippet:-1","max-image-preview":"max-image-preview:large","max-video-preview":"max-video-preview:-1"},"canonical":"https:\/\/www.in2greece.com\/swedish\/music\/music.htm","og_locale":"sv_SE","og_type":"article","og_title":"Grekisk Musik: Fr\u00e5n Antiken till Modern Tid","og_description":"Grekisk Musikhistoria Grekland har en l\u00e5ng tradition inom musik som str\u00e4cker sig tillbaka till antiken. M\u00e5nga gudar och gudinnor i antikens Grekland var f\u00f6rknippade med musik och dans, och ordet musik kommer fr\u00e5n de nio muserna i antikens Grekland, som var en k\u00e4lla till inspiration f\u00f6r alla konstn\u00e4rer. \u00c4ven idag refererar m\u00e5nga konstn\u00e4rer till &#8221;inspirationsmusan&#8221;.+ L\u00e4s Mer","og_url":"https:\/\/www.in2greece.com\/swedish\/music\/music.htm","og_site_name":"Grekland","article_publisher":"https:\/\/www.facebook.com\/in2greece","article_modified_time":"2024-06-20T09:32:28+00:00","og_image":[{"width":500,"height":529,"url":"https:\/\/www.in2greece.com\/swedish\/wp-content\/uploads\/2024\/06\/grekisk-musik.jpg","type":"image\/jpeg"}],"twitter_card":"summary_large_image","twitter_misc":{"Ber\u00e4knad l\u00e4stid":"6 minuter"},"schema":{"@context":"https:\/\/schema.org","@graph":[{"@type":"WebPage","@id":"https:\/\/www.in2greece.com\/swedish\/music\/music.htm","url":"https:\/\/www.in2greece.com\/swedish\/music\/music.htm","name":"Grekisk Musik: Fr\u00e5n Antiken till Modern Tid","isPartOf":{"@id":"https:\/\/www.in2greece.com\/swedish\/#website"},"primaryImageOfPage":{"@id":"https:\/\/www.in2greece.com\/swedish\/music\/music.htm#primaryimage"},"image":{"@id":"https:\/\/www.in2greece.com\/swedish\/music\/music.htm#primaryimage"},"thumbnailUrl":"https:\/\/www.in2greece.com\/swedish\/wp-content\/uploads\/2024\/06\/grekisk-musik.jpg","datePublished":"2024-06-20T09:02:09+00:00","dateModified":"2024-06-20T09:32:28+00:00","breadcrumb":{"@id":"https:\/\/www.in2greece.com\/swedish\/music\/music.htm#breadcrumb"},"inLanguage":"sv-SE","potentialAction":[{"@type":"ReadAction","target":["https:\/\/www.in2greece.com\/swedish\/music\/music.htm"]}]},{"@type":"ImageObject","inLanguage":"sv-SE","@id":"https:\/\/www.in2greece.com\/swedish\/music\/music.htm#primaryimage","url":"https:\/\/www.in2greece.com\/swedish\/wp-content\/uploads\/2024\/06\/grekisk-musik.jpg","contentUrl":"https:\/\/www.in2greece.com\/swedish\/wp-content\/uploads\/2024\/06\/grekisk-musik.jpg","width":500,"height":529,"caption":"grekisk-musik"},{"@type":"BreadcrumbList","@id":"https:\/\/www.in2greece.com\/swedish\/music\/music.htm#breadcrumb","itemListElement":[{"@type":"ListItem","position":1,"name":"Home","item":"https:\/\/www.in2greece.com\/swedish\/"},{"@type":"ListItem","position":2,"name":"Grekisk Musik"}]},{"@type":"WebSite","@id":"https:\/\/www.in2greece.com\/swedish\/#website","url":"https:\/\/www.in2greece.com\/swedish\/","name":"Grekland","description":"Reseguide till Grekland","publisher":{"@id":"https:\/\/www.in2greece.com\/swedish\/#organization"},"potentialAction":[{"@type":"SearchAction","target":{"@type":"EntryPoint","urlTemplate":"https:\/\/www.in2greece.com\/swedish\/?s={search_term_string}"},"query-input":{"@type":"PropertyValueSpecification","valueRequired":true,"valueName":"search_term_string"}}],"inLanguage":"sv-SE"},{"@type":"Organization","@id":"https:\/\/www.in2greece.com\/swedish\/#organization","name":"www.in2greece.com","url":"https:\/\/www.in2greece.com\/swedish\/","logo":{"@type":"ImageObject","inLanguage":"sv-SE","@id":"https:\/\/www.in2greece.com\/swedish\/#\/schema\/logo\/image\/","url":"https:\/\/www.in2greece.com\/swedish\/wp-content\/uploads\/2022\/02\/in2greece.png","contentUrl":"https:\/\/www.in2greece.com\/swedish\/wp-content\/uploads\/2022\/02\/in2greece.png","width":150,"height":149,"caption":"www.in2greece.com"},"image":{"@id":"https:\/\/www.in2greece.com\/swedish\/#\/schema\/logo\/image\/"},"sameAs":["https:\/\/www.facebook.com\/in2greece"]}]}},"_links":{"self":[{"href":"https:\/\/www.in2greece.com\/swedish\/wp-json\/wp\/v2\/pages\/931","targetHints":{"allow":["GET"]}}],"collection":[{"href":"https:\/\/www.in2greece.com\/swedish\/wp-json\/wp\/v2\/pages"}],"about":[{"href":"https:\/\/www.in2greece.com\/swedish\/wp-json\/wp\/v2\/types\/page"}],"author":[{"embeddable":true,"href":"https:\/\/www.in2greece.com\/swedish\/wp-json\/wp\/v2\/users\/1"}],"replies":[{"embeddable":true,"href":"https:\/\/www.in2greece.com\/swedish\/wp-json\/wp\/v2\/comments?post=931"}],"version-history":[{"count":0,"href":"https:\/\/www.in2greece.com\/swedish\/wp-json\/wp\/v2\/pages\/931\/revisions"}],"wp:featuredmedia":[{"embeddable":true,"href":"https:\/\/www.in2greece.com\/swedish\/wp-json\/wp\/v2\/media\/932"}],"wp:attachment":[{"href":"https:\/\/www.in2greece.com\/swedish\/wp-json\/wp\/v2\/media?parent=931"}],"curies":[{"name":"wp","href":"https:\/\/api.w.org\/{rel}","templated":true}]}}