{"id":480,"date":"2024-01-14T12:58:31","date_gmt":"2024-01-14T11:58:31","guid":{"rendered":"https:\/\/www.in2greece.com\/swedish\/places\/summer\/islands\/?page_id=106"},"modified":"2024-01-14T12:58:31","modified_gmt":"2024-01-14T11:58:31","slug":"samos-strander","status":"publish","type":"page","link":"https:\/\/www.in2greece.com\/swedish\/samos\/strander.html","title":{"rendered":"Samos str\u00e4nder"},"content":{"rendered":"\n<h2 class=\"wp-block-heading\">Uppt\u00e4ck de b\u00e4sta str\u00e4nder p\u00e5 Samos<\/h2>\n\n\n<p>Kustlinjen p\u00e5 Samos \u00e4r kantad med m\u00e5nga fina str\u00e4nder, fr\u00e5n livliga sandstr\u00e4ckor till f\u00f6rtrollande, or\u00f6rda vikar d\u00e4r ditt enda s\u00e4llskap i vattnet kan vara den utrotningshotade Medelhavsmunken. Bussar g\u00e5r fr\u00e5n huvudstaden Vathy till alla de mest popul\u00e4ra str\u00e4nderna l\u00e4ngs norr- och sydkusten. Men om du \u00e4r ute efter sol, hav och ensamhet beh\u00f6ver du ge dig ut till fots eller hyra en b\u00e5t.<\/p>\n<p>N\u00e4rmaste stranden till Vathy \u00e4r Gagou, tv\u00e5 kilometer norr om piren. Om du har eget transportmedel kan du f\u00f6lja den smala kustv\u00e4gen fr\u00e5n huvudstaden till Agia Paraskevi vid den nord\u00f6stra spetsen av \u00f6n d\u00e4r det finns bra badm\u00f6jligheter men inga faciliteter f\u00f6rutom en snackbar med oregelbundna \u00f6ppettider.<\/p>\n<p>S\u00f6derut fr\u00e5n huvudstaden leder v\u00e4gen till den sl\u00e5ende viken Kerveli vid \u00f6ns \u00f6stra \u00e4nde. Tavernan Sea and Dolphins vid vattnet serverar l\u00e4ckra mezedes och den ouzoliknande lokala spriten som kallas &#8221;souma&#8221;. Om du ignorerar sv\u00e4ngen till Kerveli leder v\u00e4gen ut till den syd\u00f6stra spetsen av Samos d\u00e4r det finns en liten strand och en bra men relativt dyr taverna.<\/p>\n<p>Sydkustens strand Psili Ammos \u00e4r mjukt sluttande och popul\u00e4r bland familjer men den blir extremt tr\u00e5ng under h\u00f6gs\u00e4songen p\u00e5 grund av sitt n\u00e4rhet till Vathy och Pythagorio. N\u00e4rliggande Mikali \u00e4r en en kilometer l\u00e5ng str\u00e4cka av sand och grus med magnifika utsikter \u00f6ver Turkiet, tv\u00e5 kilometer \u00f6ver vattnet.<\/p>\n<p>Det finns en strand som str\u00e4cker sig flera kilometer v\u00e4ster om Pythagorio, fr\u00e5n slottet hela v\u00e4gen till Potokaki n\u00e4ra flygplatsen. Eller s\u00e5 kan du vilja dra nytta av de dagliga b\u00e5tutflykterna till \u00f6n Samiopoula som har tv\u00e5 bra str\u00e4nder.<\/p>\n<p>Mittsektionen av sydkusten \u00e4r o\u00e5tkomlig med v\u00e4g men det finns regelbundna rundtur-b\u00e5tkryssningar som g\u00f6r att du kan se vackra, or\u00f6rda delar av kustlinjen.<\/p>\n<p>Om du hyr en jeep eller tung motorcykel kommer du att kunna f\u00f6rhandla dig ner till den natursk\u00f6na viken Tsopela vid mynningen av en ravin (t\u00e4nk inte ens p\u00e5 att f\u00f6rs\u00f6ka med en skoter).<\/p>\n<p>Den snabbast v\u00e4xande strandorten p\u00e5 sydkusten \u00e4r Votsalakia, dominerad av 1 437 meter h\u00f6ga Mount Kerkis. Naturister b\u00f6r bege sig till antingen Ballos, en l\u00e5ng grusviken \u00f6ster om Votsalaki, eller till Psili Ammos (inte att f\u00f6rv\u00e4xla med stranden med samma namn i andra \u00e4nden av sydkusten).<\/p>\n<p>De fantastiskt vackra str\u00e4nderna Megalo Seitani och Micro Seitani i den nordv\u00e4stra h\u00f6rnet av \u00f6n kan endast n\u00e5s till fots eller med b\u00e5t. Det \u00e4r v\u00e4rt att anstr\u00e4nga sig, s\u00e4rskilt f\u00f6r att se Megalo Seitani som \u00e4r en av de vackraste str\u00e4nderna i Egeiska havet &#8211; en underbar str\u00e4cka av sand bakom en imponerande ravin och omsvept av det kristallklara vattnet i ett marint reservat bebott av Medelhavsmunkar.<\/p>\n<p>Nordkusten av \u00f6n \u00e4r kantad med sand- och grusstr\u00e4nder, varav m\u00e5nga \u00e4r bl\u00e5siga av meltemi-nordvinden, vilket g\u00f6r dem popul\u00e4ra bland vindsurfare.<\/p>\n<h3>Agios Ioannis strand<\/h3>\n<p>F\u00f6r \u00e4lskare av ensamma och lugna bad finns i omr\u00e5det den lilla (omkring 250 meter l\u00e5nga) oorganiserade stranden Agios Ioannis. En grusv\u00e4g som \u00e4r ungef\u00e4r 3,5 km fr\u00e5n huvudv\u00e4gen Marathokampou \u2013 Kallithea leder till den lilla viken med den avskilda stranden. D\u00e4rifr\u00e5n, efter att ha f\u00f6ljt en liten stig, kommer du till det Heliga Klosteret av Agios Ioannis den Barmh\u00e4rtige. Plaka och Valsamos \u00e4r isolerade str\u00e4nder, helt oorganiserade och tillg\u00e4ngliga via en grusv\u00e4g. Stranden Valsamos har vackra svarta sm\u00e5sten. Det \u00e4r ocks\u00e5 bra f\u00f6r bes\u00f6karen att veta att f\u00f6r att njuta av sitt bad m\u00e5ste man vara v\u00e4lutrustad med n\u00f6dv\u00e4ndiga saker.<\/p>\n<p><img decoding=\"async\" class=\"alignnone size-medium\" src=\"https:\/\/www.in2greece.com\/english\/places\/summer\/islands\/wp-content\/uploads\/2023\/08\/agios-ioanis.jpg.webp\" alt=\"agios ioannis strand\" width=\"800\" height=\"450\" \/><\/p>\n<h3>Agia Paraskevi strand<\/h3>\n<p>I omr\u00e5det Nisi, omkring 9 kilometer fr\u00e5n huvudstaden, ligger den lilla stranden Agia Paraskevi, fr\u00e5n den homonyma kyrkan som ligger vid dess kant. Stranden har sm\u00e5 tr\u00e4d f\u00f6r skugga, grova sm\u00e5sten och klart djupt vatten. Den \u00e4r idealisk f\u00f6r harpunfiske. I omr\u00e5det finns ocks\u00e5 en fisk- och skaldjurstaverna.<\/p>\n<p>F\u00f6r friluftsentusiaster finns det m\u00f6jligheter att utforska de omgivande kullarna och g\u00f6ra natursk\u00f6na vandringar, som erbjuder panoramautsikt \u00f6ver Egeiska havet och de n\u00e4rliggande \u00f6arna.<\/p>\n<p><img decoding=\"async\" class=\"alignnone size-medium\" src=\"https:\/\/www.in2greece.com\/english\/places\/summer\/islands\/wp-content\/uploads\/2023\/08\/agia-paraskevi-beach.jpg.webp\" alt=\"agia-paraskevi strand\" width=\"800\" height=\"450\" \/><\/p>\n<h3>Balos strand<\/h3>\n<p>Omkring 40 km sydv\u00e4st om huvudstaden, efter byn Koumeika, ligger den lilla stranden (omkring 400 meter l\u00e5ng) med grova sm\u00e5sten, Balos. Stranden ligger inuti bukten i Marathokampos p\u00e5 sydv\u00e4stkusten av \u00f6n, den \u00e4r inte organiserad och har ganska djupa och klara vatten.<\/p>\n<p>Balos strand \u00e4r ett utm\u00e4rkt val f\u00f6r resen\u00e4rer som vill uppleva Samos naturliga sk\u00f6nhet och lugna atmosf\u00e4r bort fr\u00e5n stress och r\u00f6relse. Den ger en m\u00f6jlighet att koppla av, sola, simma i de or\u00f6rda vattnen och f\u00f6rdjupa sig i \u00f6ns lugna atmosf\u00e4r.<\/p>\n<p><img decoding=\"async\" class=\"alignnone size-medium\" src=\"https:\/\/www.in2greece.com\/english\/places\/summer\/islands\/wp-content\/uploads\/2023\/08\/balos-beach.jpg.webp\" alt=\"balos strand\" width=\"800\" height=\"450\" \/><\/p>\n<h3>Gagou strand<\/h3>\n<p>P\u00e5 den nord\u00f6stra kusten av \u00f6n och p\u00e5 ett avst\u00e5nd av mindre \u00e4n 2 kilometer fr\u00e5n huvudstaden ligger den lilla (omkring 200 meter l\u00e5nga) stranden med sm\u00e5sten, &#8221;Gagou&#8221;. Stranden ligger i bukten Vatheos, har relativt grunda vatten och \u00e4r skyddad fr\u00e5n vindarna. Den har flera g\u00e5nger tilldelats en bl\u00e5 flagg och \u00e4r organiserad med parasoller och sols\u00e4ngar. Efter badet kan bes\u00f6karen njuta av sin mat i tavernorna i omr\u00e5det. I omr\u00e5det Gagou finns hotell och rum f\u00f6r uthyrning och det faktum att den ligger mycket n\u00e4ra huvudstaden g\u00f6r tillg\u00e5ngen mycket l\u00e4tt \u00e4ven till fots. Bes\u00f6kare som bor i omr\u00e5det har f\u00f6rdelen att v\u00e4lja vilken typ av underh\u00e5llning de vill ha i \u00f6ns huvudstad med dess m\u00e5nga barer och restauranger.<\/p>\n<p>Gagou strand \u00e4r ett bekv\u00e4mt och attraktivt alternativ f\u00f6r bes\u00f6kare som vill kombinera strandavkoppling med tillg\u00e5ng till bekv\u00e4mligheter och attraktioner i Samos stad. Dess naturliga sk\u00f6nhet, klara vatten och n\u00e4rliggande matst\u00e4llen g\u00f6r det till ett popul\u00e4rt val f\u00f6r turister som s\u00f6ker en v\u00e4lrundad strandupplevelse p\u00e5 \u00f6n.<\/p>\n<p><img decoding=\"async\" class=\"alignnone size-medium\" src=\"https:\/\/www.in2greece.com\/english\/places\/summer\/islands\/wp-content\/uploads\/2023\/08\/gagou-beach-samos.jpg.webp\" alt=\"gagou strand\" width=\"800\" height=\"472\" \/><\/p>\n<h3>Glykoriza strand<\/h3>\n<p>Den lilla och smala strand Glykoriza ligger bara 3 kilometer \u00f6ster om Pythagorion och 10 kilometer fr\u00e5n huvudstaden. Den kombinerar sm\u00e5sten med sand, har grunda bl\u00e5gr\u00f6na vatten, idealisk f\u00f6r o\u00e4ndligt lek f\u00f6r barn men ocks\u00e5 en idealisk plats f\u00f6r avkoppling f\u00f6r f\u00f6r\u00e4ldrar och vuxna. strand \u00e4r v\u00e4lorganiserad med solstolar och parasoller. Tr\u00e4d l\u00e4ngs den erbjuder skugga till badande. strand har tilldelats en bl\u00e5 flagg.<\/p>\n<p>Glykoriza\u00a0 \u00e4r en vacker och relativt or\u00f6rd strand bel\u00e4gen p\u00e5 den grekiska \u00f6n Samos. Glykoriza strand \u00e4r en av \u00f6ns dolda p\u00e4rlor, som erbjuder bes\u00f6kare en lugn och avskild undanflykt fr\u00e5n de ofta tr\u00e5ngsynta folkmassorna p\u00e5 \u00f6ns mer popul\u00e4ra str\u00e4nder.<\/p>\n<p>Glykoriza \u00e4r ett utm\u00e4rkt val f\u00f6r resen\u00e4rer som vill uppleva den naturliga sk\u00f6nheten och lugnet p\u00e5 Samos bort fr\u00e5n de livliga turistomr\u00e5dena. Det \u00e4r en plats d\u00e4r du kan koppla av, suga i dig solen, simma i de or\u00f6rda vattnen och f\u00f6rdjupa dig i \u00f6ns lugna atmosf\u00e4r.<\/p>\n<p><img decoding=\"async\" class=\"alignnone size-medium\" src=\"https:\/\/www.in2greece.com\/english\/places\/summer\/islands\/wp-content\/uploads\/2023\/08\/glykoriza-beach.jpg.webp\" alt=\"glykoriza strand\" width=\"800\" height=\"458\" \/><\/p>\n<h3>Heraion strand<\/h3>\n<p>P\u00e5 ett avst\u00e5nd av cirka 17 kilometer sydv\u00e4st om huvudstaden och cirka 6 kilometer v\u00e4ster om Pythagoreio, ligger den lilla strand (cirka 400 meter l\u00e5ng) Heraion, i bos\u00e4ttningen med samma namn. Det \u00e4r en mycket v\u00e4lorganiserad strand, med sm\u00e5sten och sand, av m\u00e5ttligt djup och med kristallklart kallt vatten. Den har parasoller, solstolar och faciliteter f\u00f6r vattensporter. Heraion Beach \u00e4r ett anm\u00e4rkningsv\u00e4rt resm\u00e5l f\u00f6r resen\u00e4rer som uppskattar b\u00e5de naturlig sk\u00f6nhet och historisk betydelse. Det ger en unik m\u00f6jlighet att njuta av strand samtidigt som den omges av antika ruiner, vilket g\u00f6r det till en m\u00e5ste-bes\u00f6k plats f\u00f6r de intresserade av Samos rika historia.<\/p>\n<p><img decoding=\"async\" class=\"alignnone size-medium\" src=\"https:\/\/www.in2greece.com\/english\/places\/summer\/islands\/wp-content\/uploads\/2023\/08\/iraion-beach.jpg.webp\" alt=\"iraion strand samos\" width=\"800\" height=\"450\" \/><\/p>\n<h3>Kampos strand<\/h3>\n<p>P\u00e5 ett avst\u00e5nd av cirka 46 km sydv\u00e4st fr\u00e5n huvudstaden finns den stora och vidstr\u00e4ckta strand (cirka 3 000 meter l\u00e5ng) med sand och sm\u00e5sten Kampos (Marathokampou), annars k\u00e4nd som Votsalakia. Den ligger p\u00e5 sydv\u00e4stkusten av \u00f6n, i bukten Marathokampos, n\u00e4ra turistbos\u00e4ttningen Ormos Marathokampos. Det \u00e4r en organiserad strand, den har parasoller, solstolar och dess vatten \u00e4r av medeldjup, rena och kristallklara. En uthyrningsenhet f\u00f6r vattensporter finns tillg\u00e4nglig f\u00f6r entusiaster av vattensporter. Det \u00e4r m\u00f6jligt att bo n\u00e4ra strand, men ocks\u00e5 i det bredare omr\u00e5det fr\u00e5n hotell och rum f\u00f6r uthyrning.<\/p>\n<p><img decoding=\"async\" class=\"alignnone size-medium\" src=\"https:\/\/www.in2greece.com\/english\/places\/summer\/islands\/wp-content\/uploads\/2023\/08\/kambos-beach.jpg.webp\" alt=\"kambos strand\" width=\"800\" height=\"450\" \/><\/p>\n<h3>Kerveli strand<\/h3>\n<p>P\u00e5 ett avst\u00e5nd av cirka 8 kilometer sydost om huvudstaden ligger strand Kerveli (cirka 200 meter l\u00e5ng). Den ligger p\u00e5 \u00f6stkusten av \u00f6n, har relativt grunda vatten och \u00e4r skyddad fr\u00e5n vindarna. strand \u00e4r omgiven av en gr\u00f6n milj\u00f6, den \u00e4r inte organiserad och \u00e4r l\u00e4mplig f\u00f6r ett lugnt dopp. I omr\u00e5det finns tavernor, sm\u00e5 hotell och rum f\u00f6r uthyrning med underbar utsikt \u00f6ver de motsatta str\u00e4nderna i Mindre Asien. Det \u00e4r ett idealiskt omr\u00e5de f\u00f6r dem som s\u00f6ker lugn, familj och avkopplande semester.<\/p>\n<p><img decoding=\"async\" class=\"alignnone size-medium\" src=\"https:\/\/www.in2greece.com\/english\/places\/summer\/islands\/wp-content\/uploads\/2023\/08\/kerveli-beach.jpg.webp\" alt=\"kerveli strand\" width=\"800\" height=\"450\" \/><\/p>","protected":false},"excerpt":{"rendered":"<p>Uppt\u00e4ck de b\u00e4sta str\u00e4nder p\u00e5 Samos Kustlinjen p\u00e5 Samos \u00e4r kantad med m\u00e5nga fina str\u00e4nder, fr\u00e5n livliga sandstr\u00e4ckor till f\u00f6rtrollande, or\u00f6rda vikar d\u00e4r ditt enda s\u00e4llskap i vattnet kan vara den utrotningshotade Medelhavsmunken. Bussar g\u00e5r fr\u00e5n huvudstaden Vathy till alla de mest popul\u00e4ra str\u00e4nderna l\u00e4ngs norr- och sydkusten. Men om du \u00e4r ute efter sol,<br \/><a class=\"moretag\" href=\"https:\/\/www.in2greece.com\/swedish\/samos\/strander.html\">+ L\u00e4s Mer<\/a><\/p>\n","protected":false},"author":1,"featured_media":466,"parent":476,"menu_order":0,"comment_status":"closed","ping_status":"closed","template":"","meta":{"footnotes":""},"class_list":["post-480","page","type-page","status-publish","has-post-thumbnail","hentry"],"yoast_head":"<!-- This site is optimized with the Yoast SEO plugin v27.4 - https:\/\/yoast.com\/product\/yoast-seo-wordpress\/ -->\n<title>Uppt\u00e4ck de b\u00e4sta str\u00e4nder p\u00e5 Samos<\/title>\n<meta name=\"description\" content=\"Kustlinjen p\u00e5 Samos \u00e4r kantad med m\u00e5nga fina str\u00e4nder, fr\u00e5n livliga sandstr\u00e4ckor till f\u00f6rtrollande, or\u00f6rda vikar d\u00e4r ditt enda s\u00e4llskap i vattnet kan vara den utrotningshotade Medelhavsmunken.\" \/>\n<meta name=\"robots\" content=\"index, follow, max-snippet:-1, max-image-preview:large, max-video-preview:-1\" \/>\n<link rel=\"canonical\" href=\"https:\/\/www.in2greece.com\/swedish\/samos\/strander.html\" \/>\n<meta property=\"og:locale\" content=\"sv_SE\" \/>\n<meta property=\"og:type\" content=\"article\" \/>\n<meta property=\"og:title\" content=\"Uppt\u00e4ck de b\u00e4sta str\u00e4nder p\u00e5 Samos\" \/>\n<meta property=\"og:description\" content=\"Kustlinjen p\u00e5 Samos \u00e4r kantad med m\u00e5nga fina str\u00e4nder, fr\u00e5n livliga sandstr\u00e4ckor till f\u00f6rtrollande, or\u00f6rda vikar d\u00e4r ditt enda s\u00e4llskap i vattnet kan vara den utrotningshotade Medelhavsmunken.\" \/>\n<meta property=\"og:url\" content=\"https:\/\/www.in2greece.com\/swedish\/samos\/strander.html\" \/>\n<meta property=\"og:site_name\" content=\"Grekland\" \/>\n<meta property=\"article:publisher\" content=\"https:\/\/www.facebook.com\/in2greece\" \/>\n<meta property=\"og:image\" content=\"https:\/\/www.in2greece.com\/swedish\/wp-content\/uploads\/2024\/01\/samos-strand.jpg\" \/>\n\t<meta property=\"og:image:width\" content=\"679\" \/>\n\t<meta property=\"og:image:height\" content=\"431\" \/>\n\t<meta property=\"og:image:type\" content=\"image\/jpeg\" \/>\n<meta name=\"twitter:card\" content=\"summary_large_image\" \/>\n<meta name=\"twitter:label1\" content=\"Ber\u00e4knad l\u00e4stid\" \/>\n\t<meta name=\"twitter:data1\" content=\"1 minut\" \/>\n<script type=\"application\/ld+json\" class=\"yoast-schema-graph\">{\"@context\":\"https:\\\/\\\/schema.org\",\"@graph\":[{\"@type\":\"WebPage\",\"@id\":\"https:\\\/\\\/www.in2greece.com\\\/swedish\\\/samos\\\/strander.html\",\"url\":\"https:\\\/\\\/www.in2greece.com\\\/swedish\\\/samos\\\/strander.html\",\"name\":\"Uppt\u00e4ck de b\u00e4sta str\u00e4nder p\u00e5 Samos\",\"isPartOf\":{\"@id\":\"https:\\\/\\\/www.in2greece.com\\\/swedish\\\/#website\"},\"primaryImageOfPage\":{\"@id\":\"https:\\\/\\\/www.in2greece.com\\\/swedish\\\/samos\\\/strander.html#primaryimage\"},\"image\":{\"@id\":\"https:\\\/\\\/www.in2greece.com\\\/swedish\\\/samos\\\/strander.html#primaryimage\"},\"thumbnailUrl\":\"https:\\\/\\\/www.in2greece.com\\\/swedish\\\/wp-content\\\/uploads\\\/2024\\\/01\\\/samos-strand.jpg\",\"datePublished\":\"2024-01-14T11:58:31+00:00\",\"description\":\"Kustlinjen p\u00e5 Samos \u00e4r kantad med m\u00e5nga fina str\u00e4nder, fr\u00e5n livliga sandstr\u00e4ckor till f\u00f6rtrollande, or\u00f6rda vikar d\u00e4r ditt enda s\u00e4llskap i vattnet kan vara den utrotningshotade Medelhavsmunken.\",\"breadcrumb\":{\"@id\":\"https:\\\/\\\/www.in2greece.com\\\/swedish\\\/samos\\\/strander.html#breadcrumb\"},\"inLanguage\":\"sv-SE\",\"potentialAction\":[{\"@type\":\"ReadAction\",\"target\":[\"https:\\\/\\\/www.in2greece.com\\\/swedish\\\/samos\\\/strander.html\"]}]},{\"@type\":\"ImageObject\",\"inLanguage\":\"sv-SE\",\"@id\":\"https:\\\/\\\/www.in2greece.com\\\/swedish\\\/samos\\\/strander.html#primaryimage\",\"url\":\"https:\\\/\\\/www.in2greece.com\\\/swedish\\\/wp-content\\\/uploads\\\/2024\\\/01\\\/samos-strand.jpg\",\"contentUrl\":\"https:\\\/\\\/www.in2greece.com\\\/swedish\\\/wp-content\\\/uploads\\\/2024\\\/01\\\/samos-strand.jpg\",\"width\":679,\"height\":431,\"caption\":\"samos-strand\"},{\"@type\":\"BreadcrumbList\",\"@id\":\"https:\\\/\\\/www.in2greece.com\\\/swedish\\\/samos\\\/strander.html#breadcrumb\",\"itemListElement\":[{\"@type\":\"ListItem\",\"position\":1,\"name\":\"Home\",\"item\":\"https:\\\/\\\/www.in2greece.com\\\/swedish\\\/\"},{\"@type\":\"ListItem\",\"position\":2,\"name\":\"Samos\",\"item\":\"https:\\\/\\\/www.in2greece.com\\\/swedish\\\/samos.html\"},{\"@type\":\"ListItem\",\"position\":3,\"name\":\"Samos str\u00e4nder\"}]},{\"@type\":\"WebSite\",\"@id\":\"https:\\\/\\\/www.in2greece.com\\\/swedish\\\/#website\",\"url\":\"https:\\\/\\\/www.in2greece.com\\\/swedish\\\/\",\"name\":\"Grekland\",\"description\":\"Reseguide till Grekland\",\"publisher\":{\"@id\":\"https:\\\/\\\/www.in2greece.com\\\/swedish\\\/#organization\"},\"potentialAction\":[{\"@type\":\"SearchAction\",\"target\":{\"@type\":\"EntryPoint\",\"urlTemplate\":\"https:\\\/\\\/www.in2greece.com\\\/swedish\\\/?s={search_term_string}\"},\"query-input\":{\"@type\":\"PropertyValueSpecification\",\"valueRequired\":true,\"valueName\":\"search_term_string\"}}],\"inLanguage\":\"sv-SE\"},{\"@type\":\"Organization\",\"@id\":\"https:\\\/\\\/www.in2greece.com\\\/swedish\\\/#organization\",\"name\":\"www.in2greece.com\",\"url\":\"https:\\\/\\\/www.in2greece.com\\\/swedish\\\/\",\"logo\":{\"@type\":\"ImageObject\",\"inLanguage\":\"sv-SE\",\"@id\":\"https:\\\/\\\/www.in2greece.com\\\/swedish\\\/#\\\/schema\\\/logo\\\/image\\\/\",\"url\":\"https:\\\/\\\/www.in2greece.com\\\/swedish\\\/wp-content\\\/uploads\\\/2022\\\/02\\\/in2greece.png\",\"contentUrl\":\"https:\\\/\\\/www.in2greece.com\\\/swedish\\\/wp-content\\\/uploads\\\/2022\\\/02\\\/in2greece.png\",\"width\":150,\"height\":149,\"caption\":\"www.in2greece.com\"},\"image\":{\"@id\":\"https:\\\/\\\/www.in2greece.com\\\/swedish\\\/#\\\/schema\\\/logo\\\/image\\\/\"},\"sameAs\":[\"https:\\\/\\\/www.facebook.com\\\/in2greece\"]}]}<\/script>\n<!-- \/ Yoast SEO plugin. -->","yoast_head_json":{"title":"Uppt\u00e4ck de b\u00e4sta str\u00e4nder p\u00e5 Samos","description":"Kustlinjen p\u00e5 Samos \u00e4r kantad med m\u00e5nga fina str\u00e4nder, fr\u00e5n livliga sandstr\u00e4ckor till f\u00f6rtrollande, or\u00f6rda vikar d\u00e4r ditt enda s\u00e4llskap i vattnet kan vara den utrotningshotade Medelhavsmunken.","robots":{"index":"index","follow":"follow","max-snippet":"max-snippet:-1","max-image-preview":"max-image-preview:large","max-video-preview":"max-video-preview:-1"},"canonical":"https:\/\/www.in2greece.com\/swedish\/samos\/strander.html","og_locale":"sv_SE","og_type":"article","og_title":"Uppt\u00e4ck de b\u00e4sta str\u00e4nder p\u00e5 Samos","og_description":"Kustlinjen p\u00e5 Samos \u00e4r kantad med m\u00e5nga fina str\u00e4nder, fr\u00e5n livliga sandstr\u00e4ckor till f\u00f6rtrollande, or\u00f6rda vikar d\u00e4r ditt enda s\u00e4llskap i vattnet kan vara den utrotningshotade Medelhavsmunken.","og_url":"https:\/\/www.in2greece.com\/swedish\/samos\/strander.html","og_site_name":"Grekland","article_publisher":"https:\/\/www.facebook.com\/in2greece","og_image":[{"width":679,"height":431,"url":"https:\/\/www.in2greece.com\/swedish\/wp-content\/uploads\/2024\/01\/samos-strand.jpg","type":"image\/jpeg"}],"twitter_card":"summary_large_image","twitter_misc":{"Ber\u00e4knad l\u00e4stid":"1 minut"},"schema":{"@context":"https:\/\/schema.org","@graph":[{"@type":"WebPage","@id":"https:\/\/www.in2greece.com\/swedish\/samos\/strander.html","url":"https:\/\/www.in2greece.com\/swedish\/samos\/strander.html","name":"Uppt\u00e4ck de b\u00e4sta str\u00e4nder p\u00e5 Samos","isPartOf":{"@id":"https:\/\/www.in2greece.com\/swedish\/#website"},"primaryImageOfPage":{"@id":"https:\/\/www.in2greece.com\/swedish\/samos\/strander.html#primaryimage"},"image":{"@id":"https:\/\/www.in2greece.com\/swedish\/samos\/strander.html#primaryimage"},"thumbnailUrl":"https:\/\/www.in2greece.com\/swedish\/wp-content\/uploads\/2024\/01\/samos-strand.jpg","datePublished":"2024-01-14T11:58:31+00:00","description":"Kustlinjen p\u00e5 Samos \u00e4r kantad med m\u00e5nga fina str\u00e4nder, fr\u00e5n livliga sandstr\u00e4ckor till f\u00f6rtrollande, or\u00f6rda vikar d\u00e4r ditt enda s\u00e4llskap i vattnet kan vara den utrotningshotade Medelhavsmunken.","breadcrumb":{"@id":"https:\/\/www.in2greece.com\/swedish\/samos\/strander.html#breadcrumb"},"inLanguage":"sv-SE","potentialAction":[{"@type":"ReadAction","target":["https:\/\/www.in2greece.com\/swedish\/samos\/strander.html"]}]},{"@type":"ImageObject","inLanguage":"sv-SE","@id":"https:\/\/www.in2greece.com\/swedish\/samos\/strander.html#primaryimage","url":"https:\/\/www.in2greece.com\/swedish\/wp-content\/uploads\/2024\/01\/samos-strand.jpg","contentUrl":"https:\/\/www.in2greece.com\/swedish\/wp-content\/uploads\/2024\/01\/samos-strand.jpg","width":679,"height":431,"caption":"samos-strand"},{"@type":"BreadcrumbList","@id":"https:\/\/www.in2greece.com\/swedish\/samos\/strander.html#breadcrumb","itemListElement":[{"@type":"ListItem","position":1,"name":"Home","item":"https:\/\/www.in2greece.com\/swedish\/"},{"@type":"ListItem","position":2,"name":"Samos","item":"https:\/\/www.in2greece.com\/swedish\/samos.html"},{"@type":"ListItem","position":3,"name":"Samos str\u00e4nder"}]},{"@type":"WebSite","@id":"https:\/\/www.in2greece.com\/swedish\/#website","url":"https:\/\/www.in2greece.com\/swedish\/","name":"Grekland","description":"Reseguide till Grekland","publisher":{"@id":"https:\/\/www.in2greece.com\/swedish\/#organization"},"potentialAction":[{"@type":"SearchAction","target":{"@type":"EntryPoint","urlTemplate":"https:\/\/www.in2greece.com\/swedish\/?s={search_term_string}"},"query-input":{"@type":"PropertyValueSpecification","valueRequired":true,"valueName":"search_term_string"}}],"inLanguage":"sv-SE"},{"@type":"Organization","@id":"https:\/\/www.in2greece.com\/swedish\/#organization","name":"www.in2greece.com","url":"https:\/\/www.in2greece.com\/swedish\/","logo":{"@type":"ImageObject","inLanguage":"sv-SE","@id":"https:\/\/www.in2greece.com\/swedish\/#\/schema\/logo\/image\/","url":"https:\/\/www.in2greece.com\/swedish\/wp-content\/uploads\/2022\/02\/in2greece.png","contentUrl":"https:\/\/www.in2greece.com\/swedish\/wp-content\/uploads\/2022\/02\/in2greece.png","width":150,"height":149,"caption":"www.in2greece.com"},"image":{"@id":"https:\/\/www.in2greece.com\/swedish\/#\/schema\/logo\/image\/"},"sameAs":["https:\/\/www.facebook.com\/in2greece"]}]}},"_links":{"self":[{"href":"https:\/\/www.in2greece.com\/swedish\/wp-json\/wp\/v2\/pages\/480","targetHints":{"allow":["GET"]}}],"collection":[{"href":"https:\/\/www.in2greece.com\/swedish\/wp-json\/wp\/v2\/pages"}],"about":[{"href":"https:\/\/www.in2greece.com\/swedish\/wp-json\/wp\/v2\/types\/page"}],"author":[{"embeddable":true,"href":"https:\/\/www.in2greece.com\/swedish\/wp-json\/wp\/v2\/users\/1"}],"replies":[{"embeddable":true,"href":"https:\/\/www.in2greece.com\/swedish\/wp-json\/wp\/v2\/comments?post=480"}],"version-history":[{"count":0,"href":"https:\/\/www.in2greece.com\/swedish\/wp-json\/wp\/v2\/pages\/480\/revisions"}],"up":[{"embeddable":true,"href":"https:\/\/www.in2greece.com\/swedish\/wp-json\/wp\/v2\/pages\/476"}],"wp:featuredmedia":[{"embeddable":true,"href":"https:\/\/www.in2greece.com\/swedish\/wp-json\/wp\/v2\/media\/466"}],"wp:attachment":[{"href":"https:\/\/www.in2greece.com\/swedish\/wp-json\/wp\/v2\/media?parent=480"}],"curies":[{"name":"wp","href":"https:\/\/api.w.org\/{rel}","templated":true}]}}