{"id":75,"date":"2023-05-10T20:32:35","date_gmt":"2023-05-10T18:32:35","guid":{"rendered":"https:\/\/www.in2greece.com\/griechenland\/?page_id=75"},"modified":"2024-03-21T11:36:00","modified_gmt":"2024-03-21T10:36:00","slug":"karte-griechenland","status":"publish","type":"page","link":"https:\/\/www.in2greece.com\/griechenland\/karte-griechenland.html","title":{"rendered":"Karte Griechenland"},"content":{"rendered":"\n<h2 class=\"wp-block-heading\">Karten von Griechenland und den griechischen Inseln<\/h2>\n\n\n<p>Griechenland ist ein Land in S\u00fcdosteuropa, das die S\u00fcdspitze des Balkans bildet. Es grenzt im Westen, S\u00fcden und Osten an das Ionische Meer, das Mittelmeer und das \u00c4g\u00e4ische Meer und im Norden an Albanien, die Republik Mazedonien, Bulgarien und die T\u00fcrkei. Griechenland umfasst mehrere Inselgruppen, darunter die Ionischen Inseln im Westen und die Sporaden und Kykladen im Osten, sowie die gr\u00f6\u00dferen Inseln Kreta, Lesbos, Rhodos, Samos, Samothraki, Chios und Limnos, die in Sichtweite der T\u00fcrken liegen K\u00fcste. Der Name Griechenland kommt vom lateinischen Namen Graeci, dem Namen eines Volkes, das in der Antike im Nordwesten des Landes lebte.<\/p>\n<p>Griechenland ist in erster Linie ein Agrarland, obwohl weniger als ein Drittel seiner Fl\u00e4che kultiviert wird. Das Land ist bei Grundnahrungsmitteln autark und Agrarprodukte machen den Gro\u00dfteil der griechischen Exporte aus. Der Tourismus ist gut entwickelt und wirtschaftlich wichtig.<\/p>\n<p>Griechenland ist ein Gebirgsland mit flachem Land, das auf mehrere kleine K\u00fcstenebenen beschr\u00e4nkt ist. Die zum Alpensystem geh\u00f6renden Berge verlaufen im Allgemeinen von Nordwesten nach S\u00fcdosten. Im Nordwesten ist es h\u00f6her und rauer, wo die Berge Grammos 2.519 Meter und Pindos 2.285 Meter erreichen, obwohl der h\u00f6chste Berg des Landes (Olympus 2.919 Meter) im Osten Zentralgriechenlands liegt. Die Berge werden vom langen, schmalen Golf von Korinth unterbrochen, der S\u00fcdgriechenland, den Peloponnes, fast vom Rest der Halbinsel trennt. Aber die Berge setzen sich s\u00fcdlich des Golfs fort und enden an den drei Kaps S\u00fcdgriechenlands.<\/p>\n<h3>Berge<\/h3>\n<p>Die in die gleiche Richtung verlaufenden Gebirgsz\u00fcge erstrecken sich bis ins offene Meer, und ihre h\u00f6chsten Teile erscheinen als in der \u00c4g\u00e4is verstreute Ketten und Inselgruppen. Die Kykladen setzen die \u00f6stlichen Gebirgsketten in Richtung des t\u00fcrkischen Hinterlandes fort und Kreta und Rhodos sind die Fortsetzung der westlichsten Gebirgsketten. Sowohl die Berge als auch die Inseln bestehen aus Sedimentgesteinen, haupts\u00e4chlich Kalkstein und Sandstein, die gr\u00f6\u00dftenteils im Mesozoikum (vor 230 bis 65 Millionen Jahren) abgelagert wurden. Nur in der N\u00e4he der n\u00f6rdlichen Grenzen Griechenlands gibt es magmatische Gesteine, die f\u00fcr die Landschaft von Bedeutung sind. Die gr\u00f6\u00dften Ebenen sind die von Mazedonien, Thessalien und Thrakien, die alle vom \u00c4g\u00e4ischen Meer umsp\u00fclt werden.<\/p>\n<p>Die B\u00f6den Griechenlands sind, wie Platon vor mehr als 2.000 Jahren feststellte, mager und karg, und gro\u00dfe Teile des Landes weisen an der Oberfl\u00e4che nacktes Gestein auf. Die einzigen guten B\u00f6den finden sich in den kleinen K\u00fcstenebenen. Dabei handelt es sich \u00fcberwiegend um Schwemmlandb\u00f6den, deren Produktivit\u00e4t jedoch durch die lange Sommertrockenheit deutlich gemindert wird.<\/p>\n<h3>Klima<\/h3>\n<p>Das Klima Griechenlands ist typisch mediterran. Die Sommer sind lang, hei\u00df und trocken. Die Durchschnittstemperatur im Juli betr\u00e4gt in der Hauptstadt Athen 26,7 \u00b0C, im Hochland ist sie jedoch deutlich niedriger. Die Winter sind mild. Die durchschnittliche Temperatur im Januar betr\u00e4gt 9,2 \u00b0C (48,5 \u00b0F). Auch im Winter sind die Temperaturen in Innenr\u00e4umen deutlich niedriger. In den Bergt\u00e4lern liegen die Durchschnittswerte nahe bei Null und es kann zu anhaltenden Fr\u00f6sten kommen. Schnee ist an der K\u00fcste keine Seltenheit.<\/p>\n<p>Die Niederschlagsmenge variiert stark. In Athen betr\u00e4gt sie durchschnittlich 394 mm pro Jahr, abseits der Ostk\u00fcste ist sie jedoch viel h\u00f6her und erreicht in den h\u00f6chsten Bergen mehr als 1.200 mm. In allen Teilen des Landes sind die Niederschl\u00e4ge saisonabh\u00e4ngig, wobei die meisten Niederschl\u00e4ge im Sp\u00e4therbst und Winter fallen. Lediglich in Mazedonien und Thrakien kommt es zu nennenswerten Sommerniederschl\u00e4gen. Im Rest des Landes f\u00e4llt kaum Regen.<\/p>\n<h3>Fl\u00fcsse und Seen<\/h3>\n<p>Auf der griechischen Halbinsel gibt es nur wenige Fl\u00fcsse. alle sind klein und die meisten trocknen im Sommer aus. Nur die Fl\u00fcsse, die weiter n\u00f6rdlich auf der Balkanhalbinsel entspringen und durch Nordgriechenland ins Meer flie\u00dfen, zum Beispiel Vardaris und Struma, weisen im Sommer nennenswerte Abfl\u00fcsse auf. Die geringe Gr\u00f6\u00dfe und der saisonale Charakter der meisten Fl\u00fcsse sind der Hauptgrund f\u00fcr die begrenzte Nutzung der Bew\u00e4sserung. Von den vielen Seen in den Bergen, viele davon in Nordgriechenland, liegen die meisten in Becken, die durch die Aufl\u00f6sung von Kalkstein entstanden sind.<\/p>\n\n\n<h2 class=\"wp-block-heading\">Karte von Griechenland<\/h2>\n\n\n\n<figure class=\"wp-block-image size-full\"><img decoding=\"async\" width=\"1600\" height=\"1593\" src=\"https:\/\/www.in2greece.com\/griechenland\/wp-content\/uploads\/2024\/03\/karte-griechenland.jpg\" alt=\"Griechenland Karte\" class=\"wp-image-131\" srcset=\"https:\/\/www.in2greece.com\/griechenland\/wp-content\/uploads\/2024\/03\/karte-griechenland.jpg 1600w, https:\/\/www.in2greece.com\/griechenland\/wp-content\/uploads\/2024\/03\/karte-griechenland-300x300.jpg 300w, https:\/\/www.in2greece.com\/griechenland\/wp-content\/uploads\/2024\/03\/karte-griechenland-1024x1020.jpg 1024w, https:\/\/www.in2greece.com\/griechenland\/wp-content\/uploads\/2024\/03\/karte-griechenland-150x150.jpg 150w, https:\/\/www.in2greece.com\/griechenland\/wp-content\/uploads\/2024\/03\/karte-griechenland-768x765.jpg 768w, https:\/\/www.in2greece.com\/griechenland\/wp-content\/uploads\/2024\/03\/karte-griechenland-1536x1529.jpg 1536w\" sizes=\"(max-width: 1600px) 100vw, 1600px\" \/><figcaption class=\"wp-element-caption\"><strong>Karte von Griechenland<\/strong><\/figcaption><\/figure>\n\n\n<p><a href=\"https:\/\/www.in2greece.com\/english\/maps\/maps.htm\" target=\"_blank\" rel=\"noopener\"><img decoding=\"async\" class=\"alignleft size-full wp-image-152\" src=\"https:\/\/www.in2greece.com\/griechenland\/wp-content\/uploads\/2024\/03\/en.jpg.webp\" alt=\"greek map in english\" width=\"50\" height=\"30\" \/><\/a><\/p>","protected":false},"excerpt":{"rendered":"<p>Karten von Griechenland und den griechischen Inseln Griechenland ist ein Land in S\u00fcdosteuropa, das die S\u00fcdspitze des Balkans bildet. Es grenzt im Westen, S\u00fcden und Osten an das Ionische Meer, das Mittelmeer und das \u00c4g\u00e4ische Meer und im Norden an Albanien, die Republik Mazedonien, Bulgarien und die T\u00fcrkei. Griechenland umfasst mehrere Inselgruppen, darunter die Ionischen<br \/><a class=\"moretag\" href=\"https:\/\/www.in2greece.com\/griechenland\/karte-griechenland.html\">+ Lesen Sie mehr<\/a><\/p>\n","protected":false},"author":1,"featured_media":131,"parent":0,"menu_order":0,"comment_status":"closed","ping_status":"closed","template":"","meta":{"footnotes":""},"class_list":["post-75","page","type-page","status-publish","has-post-thumbnail","hentry"],"yoast_head":"<!-- This site is optimized with the Yoast SEO plugin v27.3 - https:\/\/yoast.com\/product\/yoast-seo-wordpress\/ -->\n<title>Karte von Griechenland und den griechischen Inseln<\/title>\n<meta name=\"description\" content=\"Griechenland ist ein Land in S\u00fcdosteuropa, das die S\u00fcdspitze des Balkans bildet. Es grenzt im Westen, S\u00fcden und Osten an das Ionische Meer, das Mittelmeer und das \u00c4g\u00e4ische Meer und im Norden an Albanien, die Republik Mazedonien, Bulgarien und die T\u00fcrkei.\" \/>\n<meta name=\"robots\" content=\"index, follow, max-snippet:-1, max-image-preview:large, max-video-preview:-1\" \/>\n<link rel=\"canonical\" href=\"https:\/\/www.in2greece.com\/griechenland\/karte-griechenland.html\" \/>\n<meta property=\"og:locale\" content=\"de_DE\" \/>\n<meta property=\"og:type\" content=\"article\" \/>\n<meta property=\"og:title\" content=\"Karte von Griechenland und den griechischen Inseln\" \/>\n<meta property=\"og:description\" content=\"Griechenland ist ein Land in S\u00fcdosteuropa, das die S\u00fcdspitze des Balkans bildet. Es grenzt im Westen, S\u00fcden und Osten an das Ionische Meer, das Mittelmeer und das \u00c4g\u00e4ische Meer und im Norden an Albanien, die Republik Mazedonien, Bulgarien und die T\u00fcrkei.\" \/>\n<meta property=\"og:url\" content=\"https:\/\/www.in2greece.com\/griechenland\/karte-griechenland.html\" \/>\n<meta property=\"og:site_name\" content=\"Griechenland\" \/>\n<meta property=\"article:modified_time\" content=\"2024-03-21T10:36:00+00:00\" \/>\n<meta property=\"og:image\" content=\"https:\/\/www.in2greece.com\/griechenland\/wp-content\/uploads\/2024\/03\/karte-griechenland.jpg\" \/>\n\t<meta property=\"og:image:width\" content=\"1600\" \/>\n\t<meta property=\"og:image:height\" content=\"1593\" \/>\n\t<meta property=\"og:image:type\" content=\"image\/jpeg\" \/>\n<meta name=\"twitter:card\" content=\"summary_large_image\" \/>\n<meta name=\"twitter:label1\" content=\"Gesch\u00e4tzte Lesezeit\" \/>\n\t<meta name=\"twitter:data1\" content=\"5\u00a0Minuten\" \/>\n<script type=\"application\/ld+json\" class=\"yoast-schema-graph\">{\"@context\":\"https:\\\/\\\/schema.org\",\"@graph\":[{\"@type\":\"WebPage\",\"@id\":\"https:\\\/\\\/www.in2greece.com\\\/griechenland\\\/karte-griechenland.html\",\"url\":\"https:\\\/\\\/www.in2greece.com\\\/griechenland\\\/karte-griechenland.html\",\"name\":\"Karte von Griechenland und den griechischen Inseln\",\"isPartOf\":{\"@id\":\"https:\\\/\\\/www.in2greece.com\\\/griechenland\\\/#website\"},\"primaryImageOfPage\":{\"@id\":\"https:\\\/\\\/www.in2greece.com\\\/griechenland\\\/karte-griechenland.html#primaryimage\"},\"image\":{\"@id\":\"https:\\\/\\\/www.in2greece.com\\\/griechenland\\\/karte-griechenland.html#primaryimage\"},\"thumbnailUrl\":\"https:\\\/\\\/www.in2greece.com\\\/griechenland\\\/wp-content\\\/uploads\\\/2024\\\/03\\\/karte-griechenland.jpg\",\"datePublished\":\"2023-05-10T18:32:35+00:00\",\"dateModified\":\"2024-03-21T10:36:00+00:00\",\"description\":\"Griechenland ist ein Land in S\u00fcdosteuropa, das die S\u00fcdspitze des Balkans bildet. Es grenzt im Westen, S\u00fcden und Osten an das Ionische Meer, das Mittelmeer und das \u00c4g\u00e4ische Meer und im Norden an Albanien, die Republik Mazedonien, Bulgarien und die T\u00fcrkei.\",\"breadcrumb\":{\"@id\":\"https:\\\/\\\/www.in2greece.com\\\/griechenland\\\/karte-griechenland.html#breadcrumb\"},\"inLanguage\":\"de\",\"potentialAction\":[{\"@type\":\"ReadAction\",\"target\":[\"https:\\\/\\\/www.in2greece.com\\\/griechenland\\\/karte-griechenland.html\"]}]},{\"@type\":\"ImageObject\",\"inLanguage\":\"de\",\"@id\":\"https:\\\/\\\/www.in2greece.com\\\/griechenland\\\/karte-griechenland.html#primaryimage\",\"url\":\"https:\\\/\\\/www.in2greece.com\\\/griechenland\\\/wp-content\\\/uploads\\\/2024\\\/03\\\/karte-griechenland.jpg\",\"contentUrl\":\"https:\\\/\\\/www.in2greece.com\\\/griechenland\\\/wp-content\\\/uploads\\\/2024\\\/03\\\/karte-griechenland.jpg\",\"width\":1600,\"height\":1593,\"caption\":\"Karte von Griechenland\"},{\"@type\":\"BreadcrumbList\",\"@id\":\"https:\\\/\\\/www.in2greece.com\\\/griechenland\\\/karte-griechenland.html#breadcrumb\",\"itemListElement\":[{\"@type\":\"ListItem\",\"position\":1,\"name\":\"Startseite\",\"item\":\"https:\\\/\\\/www.in2greece.com\\\/griechenland\\\/\"},{\"@type\":\"ListItem\",\"position\":2,\"name\":\"Karte Griechenland\"}]},{\"@type\":\"WebSite\",\"@id\":\"https:\\\/\\\/www.in2greece.com\\\/griechenland\\\/#website\",\"url\":\"https:\\\/\\\/www.in2greece.com\\\/griechenland\\\/\",\"name\":\"Griechenland\",\"description\":\"\",\"publisher\":{\"@id\":\"https:\\\/\\\/www.in2greece.com\\\/griechenland\\\/#organization\"},\"potentialAction\":[{\"@type\":\"SearchAction\",\"target\":{\"@type\":\"EntryPoint\",\"urlTemplate\":\"https:\\\/\\\/www.in2greece.com\\\/griechenland\\\/?s={search_term_string}\"},\"query-input\":{\"@type\":\"PropertyValueSpecification\",\"valueRequired\":true,\"valueName\":\"search_term_string\"}}],\"inLanguage\":\"de\"},{\"@type\":\"Organization\",\"@id\":\"https:\\\/\\\/www.in2greece.com\\\/griechenland\\\/#organization\",\"name\":\"Griechenland\",\"url\":\"https:\\\/\\\/www.in2greece.com\\\/griechenland\\\/\",\"logo\":{\"@type\":\"ImageObject\",\"inLanguage\":\"de\",\"@id\":\"https:\\\/\\\/www.in2greece.com\\\/griechenland\\\/#\\\/schema\\\/logo\\\/image\\\/\",\"url\":\"https:\\\/\\\/www.in2greece.com\\\/griechenland\\\/wp-content\\\/uploads\\\/2022\\\/08\\\/griechenland.png\",\"contentUrl\":\"https:\\\/\\\/www.in2greece.com\\\/griechenland\\\/wp-content\\\/uploads\\\/2022\\\/08\\\/griechenland.png\",\"width\":400,\"height\":383,\"caption\":\"Griechenland\"},\"image\":{\"@id\":\"https:\\\/\\\/www.in2greece.com\\\/griechenland\\\/#\\\/schema\\\/logo\\\/image\\\/\"}}]}<\/script>\n<!-- \/ Yoast SEO plugin. -->","yoast_head_json":{"title":"Karte von Griechenland und den griechischen Inseln","description":"Griechenland ist ein Land in S\u00fcdosteuropa, das die S\u00fcdspitze des Balkans bildet. Es grenzt im Westen, S\u00fcden und Osten an das Ionische Meer, das Mittelmeer und das \u00c4g\u00e4ische Meer und im Norden an Albanien, die Republik Mazedonien, Bulgarien und die T\u00fcrkei.","robots":{"index":"index","follow":"follow","max-snippet":"max-snippet:-1","max-image-preview":"max-image-preview:large","max-video-preview":"max-video-preview:-1"},"canonical":"https:\/\/www.in2greece.com\/griechenland\/karte-griechenland.html","og_locale":"de_DE","og_type":"article","og_title":"Karte von Griechenland und den griechischen Inseln","og_description":"Griechenland ist ein Land in S\u00fcdosteuropa, das die S\u00fcdspitze des Balkans bildet. Es grenzt im Westen, S\u00fcden und Osten an das Ionische Meer, das Mittelmeer und das \u00c4g\u00e4ische Meer und im Norden an Albanien, die Republik Mazedonien, Bulgarien und die T\u00fcrkei.","og_url":"https:\/\/www.in2greece.com\/griechenland\/karte-griechenland.html","og_site_name":"Griechenland","article_modified_time":"2024-03-21T10:36:00+00:00","og_image":[{"width":1600,"height":1593,"url":"https:\/\/www.in2greece.com\/griechenland\/wp-content\/uploads\/2024\/03\/karte-griechenland.jpg","type":"image\/jpeg"}],"twitter_card":"summary_large_image","twitter_misc":{"Gesch\u00e4tzte Lesezeit":"5\u00a0Minuten"},"schema":{"@context":"https:\/\/schema.org","@graph":[{"@type":"WebPage","@id":"https:\/\/www.in2greece.com\/griechenland\/karte-griechenland.html","url":"https:\/\/www.in2greece.com\/griechenland\/karte-griechenland.html","name":"Karte von Griechenland und den griechischen Inseln","isPartOf":{"@id":"https:\/\/www.in2greece.com\/griechenland\/#website"},"primaryImageOfPage":{"@id":"https:\/\/www.in2greece.com\/griechenland\/karte-griechenland.html#primaryimage"},"image":{"@id":"https:\/\/www.in2greece.com\/griechenland\/karte-griechenland.html#primaryimage"},"thumbnailUrl":"https:\/\/www.in2greece.com\/griechenland\/wp-content\/uploads\/2024\/03\/karte-griechenland.jpg","datePublished":"2023-05-10T18:32:35+00:00","dateModified":"2024-03-21T10:36:00+00:00","description":"Griechenland ist ein Land in S\u00fcdosteuropa, das die S\u00fcdspitze des Balkans bildet. Es grenzt im Westen, S\u00fcden und Osten an das Ionische Meer, das Mittelmeer und das \u00c4g\u00e4ische Meer und im Norden an Albanien, die Republik Mazedonien, Bulgarien und die T\u00fcrkei.","breadcrumb":{"@id":"https:\/\/www.in2greece.com\/griechenland\/karte-griechenland.html#breadcrumb"},"inLanguage":"de","potentialAction":[{"@type":"ReadAction","target":["https:\/\/www.in2greece.com\/griechenland\/karte-griechenland.html"]}]},{"@type":"ImageObject","inLanguage":"de","@id":"https:\/\/www.in2greece.com\/griechenland\/karte-griechenland.html#primaryimage","url":"https:\/\/www.in2greece.com\/griechenland\/wp-content\/uploads\/2024\/03\/karte-griechenland.jpg","contentUrl":"https:\/\/www.in2greece.com\/griechenland\/wp-content\/uploads\/2024\/03\/karte-griechenland.jpg","width":1600,"height":1593,"caption":"Karte von Griechenland"},{"@type":"BreadcrumbList","@id":"https:\/\/www.in2greece.com\/griechenland\/karte-griechenland.html#breadcrumb","itemListElement":[{"@type":"ListItem","position":1,"name":"Startseite","item":"https:\/\/www.in2greece.com\/griechenland\/"},{"@type":"ListItem","position":2,"name":"Karte Griechenland"}]},{"@type":"WebSite","@id":"https:\/\/www.in2greece.com\/griechenland\/#website","url":"https:\/\/www.in2greece.com\/griechenland\/","name":"Griechenland","description":"","publisher":{"@id":"https:\/\/www.in2greece.com\/griechenland\/#organization"},"potentialAction":[{"@type":"SearchAction","target":{"@type":"EntryPoint","urlTemplate":"https:\/\/www.in2greece.com\/griechenland\/?s={search_term_string}"},"query-input":{"@type":"PropertyValueSpecification","valueRequired":true,"valueName":"search_term_string"}}],"inLanguage":"de"},{"@type":"Organization","@id":"https:\/\/www.in2greece.com\/griechenland\/#organization","name":"Griechenland","url":"https:\/\/www.in2greece.com\/griechenland\/","logo":{"@type":"ImageObject","inLanguage":"de","@id":"https:\/\/www.in2greece.com\/griechenland\/#\/schema\/logo\/image\/","url":"https:\/\/www.in2greece.com\/griechenland\/wp-content\/uploads\/2022\/08\/griechenland.png","contentUrl":"https:\/\/www.in2greece.com\/griechenland\/wp-content\/uploads\/2022\/08\/griechenland.png","width":400,"height":383,"caption":"Griechenland"},"image":{"@id":"https:\/\/www.in2greece.com\/griechenland\/#\/schema\/logo\/image\/"}}]}},"_links":{"self":[{"href":"https:\/\/www.in2greece.com\/griechenland\/wp-json\/wp\/v2\/pages\/75","targetHints":{"allow":["GET"]}}],"collection":[{"href":"https:\/\/www.in2greece.com\/griechenland\/wp-json\/wp\/v2\/pages"}],"about":[{"href":"https:\/\/www.in2greece.com\/griechenland\/wp-json\/wp\/v2\/types\/page"}],"author":[{"embeddable":true,"href":"https:\/\/www.in2greece.com\/griechenland\/wp-json\/wp\/v2\/users\/1"}],"replies":[{"embeddable":true,"href":"https:\/\/www.in2greece.com\/griechenland\/wp-json\/wp\/v2\/comments?post=75"}],"version-history":[{"count":0,"href":"https:\/\/www.in2greece.com\/griechenland\/wp-json\/wp\/v2\/pages\/75\/revisions"}],"wp:featuredmedia":[{"embeddable":true,"href":"https:\/\/www.in2greece.com\/griechenland\/wp-json\/wp\/v2\/media\/131"}],"wp:attachment":[{"href":"https:\/\/www.in2greece.com\/griechenland\/wp-json\/wp\/v2\/media?parent=75"}],"curies":[{"name":"wp","href":"https:\/\/api.w.org\/{rel}","templated":true}]}}